ive of 7/60*c**5 + 4/3*c**3 + 0*c**4 + 0*c + 0 + 1/120*c**6 + 2*c**2. Calculate m(g).
8
Let a(b) = b**2 - 5*b - 1. Suppose 22*w + 8 = 26*w. Suppose 5*j - 4*j = -3*g + 11, w = 2*g + 2*j. Let h be a(g). Let f(l) = -l**3 + l**2. Determine f(h).
2
Suppose -15*h + 12*h + 6 = 0. Let g(p) = -p - 15*p**h + 4*p**3 - 3*p**3 + 13*p**2. Give g(2).
-2
Let v(s) be the second derivative of 0 + 1/6*s**3 - 7/2*s**2 - 113*s. Give v(13).
6
Let l(t) = 8*t**2 - 38*t + 147. Let d(a) = -3*a**2 + 13*a - 50. Let g = -923 + 934. Let v(h) = g*d(h) + 4*l(h). Calculate v(-12).
2
Let n(a) = a**2 - a. Let s(d) be the first derivative of -4*d**3/3 - d**2 - 6*d - 11. Let g be 6 - (5 + 0 - 2). Let y(i) = g*n(i) + s(i). Give y(-4).
-2
Suppose -4*c + 9*c = -65. Let d(g) = 358*g + g**2 - 347*g - 7912 + 7894. Calculate d(c).
8
Let d be (2/1 + 0)*5. Suppose -7*o = -d + 24. Let z be (-2)/9 - o/(-36)*-4. Let p(b) = -b**2 + 7. What is p(z)?
7
Let s = 9794 - 9796. Let t(c) = 6*c**2 - 2*c - 3. Calculate t(s).
25
Let s(o) = 11*o - 17. Let g(y) be the first derivative of -7*y**2/2 + 11*y - 215. Let w(d) = 8*g(d) + 5*s(d). What is w(-3)?
6
Let i = 23 - 39. Let z(u) = -778*u - 27 - 861*u + 1638*u. Give z(i).
-11
Let s(f) = f**3 + f**2 - f. Let a(c) = -5*c + 20. Let h be a(4). Suppose h = -4*k + 4, t - k - 1 = 1. Determine s(t).
33
Let r(m) = -31*m**2 + 69*m - 15. Let g(a) = -29*a**2 + 65*a - 14. Let q(h) = 15*g(h) - 14*r(h). Let l be 10/4*6/1. Let y be 132/l + 1/5. Determine q(y).
0
Let q be (-16)/(-72)*-3*162/4. Let u be 2/6 - (-198)/q. Let x(d) = 5*d + 7. Calculate x(u).
-28
Let x(d) = 8*d**2 + 2*d + 1. Let p be (-2)/3 + 197/(-591). What is x(p)?
7
Suppose 4*l - 9*l + 20 = 0. Suppose -75 = 10*z - 25*z. Let u(x) = -5*x - 1. Let b(m) = 6*m. Let y(o) = l*b(o) + z*u(o). Calculate y(-5).
0
Let p = -31 + 31. Let f(t) = 1277*t + t**3 + 7 - 5*t**2 + p*t**2 + 1276*t - 2551*t. Give f(4).
-1
Let j be -2 + 4/2 + 7. Let s(g) be the third derivative of -g**6/120 + g**5/10 + 7*g**4/24 + 2*g**3/3 + g**2 + 10927*g. Determine s(j).
4
Let n(v) = -20*v + 61. Let c = -9787 - -9790. Calculate n(c).
1
Let c be (-2 + 7)*15/(-525)*161. Let f(s) = -5*s - 39. Calculate f(c).
76
Let t = 17295 + -17341. Let i(x) = x**2 + 47*x + 38. Determine i(t).
-8
Let w(d) = -d - d - 4*d + 6*d + 4*d + 54. Give w(-12).
6
Let q(a) = 15 - 113*a + 208*a**2 - 480*a**2 + 276*a**2. What is q(28)?
-13
Let u = 648 - 600. Suppose -5*w - a + u = 0, -13*w + 2*a - 24 = -15*w. Let v(h) = -h**2 + 6*h + 3. Give v(w).
-24
Let k(x) = 4*x - x**2 + 1 + 13*x + 8*x - 28*x - x. Suppose -3*r - 5 = 10. Calculate k(r).
-4
Let p(v) = v**3 + 7*v**2 + 6*v - 4. Let f(y) = -y**3 - 5*y**2 - 12*y - 22. Let t be f(-3). Let n be (t/(-6))/((-12)/108). Give p(n).
-4
Let o(q) = 101*q + 1212. Let f be o(-12). Let y(i) = i**3 + 4*i**2 + 2. Give y(f).
2
Let t(p) be the third derivative of -p**5/6 - 7*p**4/24 + p**3/3 - 854*p**2. What is t(-1)?
-1
Let y(w) be the first derivative of -8*w**3/3 + 10*w**2 - 19*w - 6443. What is y(1)?
-7
Let u(c) = -19*c - 55. Let j(q) = -38*q - 128. Let m(a) = 6*j(a) - 11*u(a). Calculate m(-9).
8
Let i(r) = r**3 + 5 - 11*r**2 - 9 - 13*r + 16 + 3 + 0. Calculate i(12).
3
Suppose -18 = 5*r + 3*m, -2*r + 12*m - 10*m - 4 = 0. Let h(z) = -z**2 + 9*z + 30. Let q be h(r). Let c(i) = i**3 + 6*i**2 - 5*i - 2. Calculate c(q).
28
Suppose 4*a = 2*t - 12, 4*a = -t - 0*t. Let r be 740/15 + a/3. Let v = r + -41. Let d(q) = -q**3 + 8*q**2 + 2. Determine d(v).
2
Let v(r) = -r**2 - 21*r - 57. Let c be v(-17). Let f(i) = 28 - 2*i**3 + 4*i**3 - c*i**2 - 26 + 10*i**2 - 2*i. Calculate f(2).
10
Suppose 4 = -w, 3*k - 10 = 162*w - 164*w. Let t(c) = -4*c + 21. Give t(k).
-3
Let c = -2406 - -2406. Let z(y) = -16*y + 5. Determine z(c).
5
Suppose c + 18 = 5*g, -2*c - 452*g + 4 = -454*g. Let d(s) be the first derivative of 3*s**2/2 - 16*s - 1. What is d(c)?
5
Let c = -26 + 31. Suppose -c*r + r - 2*y = 26, 5*r + 4*y + 37 = 0. Let i(l) = 3*l - 5. Calculate i(r).
-20
Let v(r) be the third derivative of -r**6/240 - r**5/40 - r**4/8 - r**2. Let c(w) be the second derivative of v(w). Let l be (-100)/36 - 12/54. Give c(l).
6
Let c(h) = -3*h + 10. Let x(z) = z**3 + 5*z**2 + z + 51. Let k be x(-6). Suppose k*g - 2*g - 49 = 0. Give c(g).
-11
Let i(o) = -5*o**2 + 14*o - 8. Let v = -8185 - -8190. Determine i(v).
-63
Let z(a) = 7*a**2 - 6 + 0 + 32*a - a**3 - 7*a - 20*a + 3*a. Determine z(6).
78
Let w(t) = -483*t**2 - 11 - 479*t**2 + 963*t**2 - 7*t. Determine w(7).
-11
Let m = -135 + 119. Let p be 9/((312/m)/13). Let n(d) = d**2 - 12*d + 1. Let i(s) = -s**2 + 23*s - 1. Let o(t) = -3*i(t) - 5*n(t). Give o(p).
-20
Let y(l) be the first derivative of l**2 + 20*l - 1226. Calculate y(-6).
8
Suppose 6*u - 15*u = -63. Suppose -4 = -u*p - 4. Let s(g) = -g**3 - g**2 + g - 12. Give s(p).
-12
Let r(m) = 2*m + 3. Let d(k) = -2*k + 7. Let x(y) = 29 - 20 - 12 + 4*y - 3*y. Let w(s) = 2*d(s) + 5*x(s). Let a(l) = r(l) - 4*w(l). Give a(-5).
17
Suppose -2*h = -2, 5*x - 6*h = -3*h - 2958. Let j = x + 585. Let u(b) = -b**2 + b - 5. Give u(j).
-47
Let c(x) be the third derivative of x**4/24 + 7*x**3/6 + 3*x**2 - 433*x. Suppose -3*z + 17 = -5*t + 55, -4*t = 3*z + 2. Determine c(z).
1
Suppose -4*k = 2*b - 26, 2*k + 2*b - 19 = -k. Let v(i) = -i + 17. Let d be v(15). Let j(g) = -k*g**2 + 2*g**2 + 8*g**2 + 8*g**d. Give j(1).
11
Suppose -4*j + 24*t - 29*t - 38 = 0, -5*t = -3*j + 24. Let p = -5 - -8. Let y(u) = -2*u**3 + u**3 - 1 + u - p*u**2 - 3*u. Calculate y(j).
-1
Suppose -178*m + 277*m + 644 = -223*m. Let r(s) = -3*s**2 - 1. Let b(v) = 3*v**2 - v + 1. Let z(t) = 3*b(t) + 4*r(t). What is z(m)?
-7
Let u(y) = -22*y**3 - 4*y - 4. Let o be 2*(2 - 5) - (-13 - -8). What is u(o)?
22
Let b(c) be the third derivative of -c**6/120 + c**5/30 + 167*c**4/24 - 8*c**3/3 - c**2 + 5*c + 48. Calculate b(-12).
-4
Let v(n) be the second derivative of -n**4/12 + n**3/2 - 3*n**2 + 2*n + 85. Suppose 40 + 32 = 12*l. Calculate v(l).
-24
Let j(p) = 15*p. Let s(r) = 19*r + 3. Let b(m) = -6*j(m) + 5*s(m). Determine b(-5).
-10
Let x(l) = -l**2 + 7*l - 9. Let u = 91 + -79. Suppose 0 = -6*z + 3*z - 3*f + u, 4*z = 2*f + 16. Calculate x(z).
3
Let h(d) = -d - 29. Let u(z) = 13*z + 144. Let m(w) = 5*h(w) + u(w). Determine m(7).
55
Suppose -47*x + 45*x = 4*y - 4, x - y - 8 = 0. Let r(t) = t**3 - 7*t**2 + 6*t + 8. Determine r(x).
8
Let p(x) = 26*x**2 - 378*x - 1112. Let f(u) = -3*u**2 + 47*u + 138. Let m(a) = 17*f(a) + 2*p(a). What is m(-40)?
2
Let z(c) = -c**2 + 7*c + 76. Let l be z(13). Let f be -2 + 1/(((-10)/(-15))/l). Let d(v) = 0*v - 5 - 3*v + 0*v. What is d(f)?
10
Let o(r) = -4*r**2 + r. Suppose 6*z = 17 + 43. Let a be 1/(z/4) + (-663)/(-255). Calculate o(a).
-33
Let r(w) be the third derivative of 2*w**6/15 - w**4/12 + w**3/3 + 7*w**2 + w. Determine r(1).
16
Let y(t) = 3*t**2 + 5*t - 1. Let b(l) = -16*l + 22 - 4*l**2 - 19 + 6*l. Let j(h) = 3*b(h) + 5*y(h). Give j(3).
16
Let h(g) be the second derivative of -2*g - 204 - 4/3*g**3 - g**2 - 1/6*g**4. Calculate h(-3).
4
Let z be 10*1 + (-13 - -9). Let y be (10/30)/(2/12). Let a(n) = 2*n**y + n**3 + 2 - n**2 - 8*n**2 - 5 + 5*n. Give a(z).
-9
Let k(w) be the second derivative of -w**4/12 + 5*w**3/3 - w**2 - 72*w + 3. Suppose 0 = 7*h - 5*h + 5*d + 4, -3*h + 3*d = -36. Determine k(h).
14
Let w(o) = 6 + 8*o + 9 + 23 + 0*o. Determine w(-12).
-58
Let a be (-1 + (-4 - (-33)/6))*170/(-5). Let g(u) = -u**3 - 17*u**2 - u - 9. Calculate g(a).
8
Suppose 0 = 2*u + 16*u + 144. Let r(m) = m**3 + 5*m**2 - 28*m - 39. Let g be r(u). Let t(q) = q**2 + 10*q + 10. Give t(g).
-11
Let q(a) be the third derivative of 11*a**4/24 + 5*a**3/3 + a**2. Let l(u) = 5*u + 5. Let i(c) = 13*l(c) - 6*q(c). Suppose 10*w + 360 = 410. What is i(w)?
0
Suppose -4*s = -2*u + 946, -4 = -3*s - 1. Let x = u + -484. Let w(i) = -i**3 - 10*i**2 - 10*i - 16. Calculate w(x).
-7
Let m(b) = -16*b - 8 - 3*b - 11*b + 4 + 27*b. Suppose 4*c + 5 = -c, 5*q = 5*c - 20. Give m(q).
11
Let v(y) = -y**2 + 8*y - 1. Let u(l) = -l**2 + 16*l - 44. Let r be u(16). Let o(i) = -i**3 + 5*i**2 - 2*i - 3. Let m be o(6). Let n = r - m. Give v(n).
6
Let w(f) = 2*f - 2. Let r be (-1)/(((-3)/(-5))/(-3)). Let u(y) = -3*y + 3. Let c(h) = r*w(h) + 3*u(h). Let d be (-5 - -5) + (5 - 2). What is c(d)?
2
Let p(d) = -d**2 - d - 3. Suppose 0 = 76*f + 341 + 115. Calculate p(